f ((-578)/68)/(0 + (-1)/582)?
9
Suppose -5702 = -3*w + 5*u + 2639, 0 = 3*w - 3*u - 8343. What is the units digit of w?
2
Suppose -2*o - 148 = -3*g, -3*o = -3*g + 109 + 44. Let k = -135 - -208. Let j = k - g. What is the tens digit of j?
2
Suppose 72 = -4*r + 96. What is the tens digit of 78/2*(-1)/(-6)*r?
3
Let b = -1104 - -1857. Suppose -561 = -3*x - 3*w, 4*x = -0*x + w + b. What is the tens digit of x?
8
Suppose 2*l + 9 = 5*l. Suppose 5*k = 24 - 9, -l*k = 2*s - 103. What is the tens digit of s?
4
Let u = -230 + 909. What is the hundreds digit of u?
6
Let s = 243 - 14. Suppose 49 - s = -4*w. What is the tens digit of w?
4
Suppose -8 + 2 = -3*a, -3*z = -4*a + 89. Let u = -16 - z. What is the tens digit of u?
1
Suppose 0 = 9*x - 26 - 1. Suppose 3*b = -2*n + 154, 3*b + 0*n = x*n + 129. What is the tens digit of b?
4
Suppose 5*w + m - 1930 = 0, 47*w + 2*m + 1530 = 51*w. What is the hundreds digit of w?
3
Let m(d) = -d**3 + 10*d**2 + 3*d - 14. Suppose n - 3*n - 4*l = -8, -3*l = 4*n - 31. What is the tens digit of m(n)?
1
Let f be (2/(-4))/((-10)/40). Suppose 5*q - 204 = -k, -f*k - 4*q = 2*k - 784. What is the units digit of k?
4
Let p = 1122 - 410. What is the tens digit of p?
1
Let x(c) be the third derivative of c**5/20 - c**4/12 - 4*c**3/3 - 7*c**2. Let a be x(4). Suppose a - 5 = q. What is the tens digit of q?
2
Let y = 74 + -48. Suppose -s + 4*v = -2 + 1, 0 = -2*s + 2*v + y. What is the units digit of s?
7
Let h(v) = -v**2 + 4*v + 3. Let w be h(-2). Let m = 19 - w. Suppose -m - 20 = -4*r. What is the tens digit of r?
1
Suppose 9*w + 654 = m + 4*w, 2*m - 2*w - 1332 = 0. What is the hundreds digit of m?
6
Let l = -21 - -24. What is the units digit of (-4 - (-4 - 49)) + l?
2
Let j be (-2)/(-4)*(2 - -1)*-2. What is the tens digit of -270*(j - 1/(2/(-5)))?
3
Let x be (2230/(-50))/(1/(-5)). What is the units digit of x/2 - 4*2/16?
1
Suppose -6 = -s + 7. Let u = s + -12. What is the units digit of u/(1 + (-12)/16)?
4
Let m(d) be the second derivative of -d**4/12 + d**3/3 - 3*d**2/2 + 2*d. Let o be m(2). What is the units digit of (o/(-6))/(3/276)?
6
Let m(j) = 244*j**2 - 3*j - 2. What is the tens digit of m(-1)?
4
Suppose 5*d - 26 = -v, v + 2*v - 6 = 3*d. What is the units digit of (-1)/(-1) - (v - 7)?
2
Let u(g) = 137*g**2 + 4*g + 1. Let o be u(3). Suppose -6*h - h + o = 0. Suppose h + 14 = 4*b. What is the tens digit of b?
4
Suppose -9 = 4*p - 29. Suppose r + 2 + 0 = a, -3*r - 4 = -p*a. What is the units digit of (0 - a)*132/6?
2
Let s(n) = 27*n - 2. Let u be (1/(-4))/(4/(-16)). What is the units digit of s(u)?
5
Let p be (-1)/(42/15 - 3). Suppose -2*t + 400 = p*r - 67, 3 = 3*t. What is the tens digit of r?
9
Let d be 4/(-30) + 32/15. Suppose -20 = -4*u + 4*b, -20 = 2*u + d*u + 4*b. Suppose 4*c + u*c - 16 = 0. What is the units digit of c?
4
What is the hundreds digit of ((-51)/(-45) - 4/30)*391?
3
Let i = 65 + -36. Suppose -b = 5*k + 36, 0 = -6*b + b + 20. Let g = i + k. What is the units digit of g?
1
Suppose 7*f - 6677 = -2113. What is the units digit of f?
2
Let k = 41 - -119. What is the tens digit of k?
6
Suppose -2861 = -15*p + 1294. What is the units digit of p?
7
Let n be 1082/8 - 5/20. Suppose -n = -10*l + 375. What is the tens digit of l?
5
Suppose 4*z = 5*s + 237, 3 = -13*s + 14*s. What is the tens digit of z?
6
Suppose -10 = -f - 12, 3*f + 156 = -d. Let t = 415 + d. What is the hundreds digit of t?
2
Suppose -4*g = -5*s - 27, -2*s + 3*g - 4 = -2*g. Suppose 51 = -2*v + 75. Let w = v + s. What is the units digit of w?
5
Suppose -v = -3*v + 994. What is the units digit of v?
7
Suppose 0 = -b - 4*b + 140. Suppose 3*z = 7*z - b. Let r = z - 1. What is the units digit of r?
6
Suppose 7*o - 6*o - 3*a - 4009 = 0, 0 = 5*o - 5*a - 20025. What is the tens digit of o?
0
Suppose -3*t - 2 = -2*t, 2*f - 1666 = 4*t. What is the units digit of f?
9
Let b = 394 + -204. Let t = b - 123. What is the units digit of t?
7
Let v = -123 + 173. Suppose 6*f = 340 + v. Suppose 2*a + 13 = f. What is the tens digit of a?
2
Let i be 12/(-28) - 76/(-14). Suppose 298 = i*j + 2*k, -4*j - k = -0*j - 236. What is the tens digit of j?
5
What is the tens digit of 1084 - ((-14)/105 + 64/30)?
8
Let f(c) = c**3 - c**2 - c + 40. Let m = 2 - -3. Suppose -m*d + 3*d = 0. What is the tens digit of f(d)?
4
Let q = 132 + -100. Let s = -16 + q. What is the tens digit of s?
1
Suppose 0*d - 223 = -q + 4*d, -223 = -q + 2*d. Let s = 22 + q. What is the tens digit of s?
4
Let v = 1940 - 1252. What is the units digit of v?
8
Let l be (-1908)/(-16) + (-1)/4. Suppose -l = -5*z + 21. What is the tens digit of z?
2
Let v = 13 - 10. Suppose -v*i = -1 - 11. Suppose 3*w - p - p = 54, -i*w = -3*p - 72. What is the units digit of w?
8
What is the units digit of ((-5)/(-4)*1)/((-39)/(-5148))?
5
Suppose 2*r + 6 = 0, -2*u + 509 = -4*r + 23. Let j = -156 + u. What is the units digit of j?
1
Let k be (-2)/(-3) - 205/(-3). Suppose i - 260 = -5*f - 4*i, 2*f = 5*i + k. What is the tens digit of f?
4
Let d(k) = -2*k**3 - 6*k**2 - 5*k - 171. What is the units digit of d(-10)?
9
Suppose -45*u + 116059 = -99221. What is the thousands digit of u?
4
Suppose 0 = 5*n + 6*i - 4*i - 1465, 5*n = -3*i + 1465. What is the tens digit of n?
9
Let p(f) = -f**2 + 5*f + 39. Let o be p(9). Suppose 0 = 5*g + o*j - 1035, 6*j - j = g - 207. What is the units digit of g?
7
Suppose 7*j - 10*j - 18 = 0. Let n(k) = -14*k - 19. What is the tens digit of n(j)?
6
Suppose -2*n = 5*k - 70, -3*k + 19 = 4*n - 37. Let c be (-2)/(-7) - -229*(-8)/(-56). Let p = c - k. What is the units digit of p?
1
Suppose 7 = -2*g + 285. What is the tens digit of g?
3
Let r(n) = -9*n**3 - 2*n**2 - n. Let q be -1 + 1 + 16/(-8). What is the units digit of r(q)?
6
Let o = -3 - -10. Suppose 4*k - o*k + 9 = 0. Suppose -4*x + 68 = 5*a, -5*a = -k*x - x + 68. What is the tens digit of x?
1
Let w(n) = n**2 + 15*n - 12. Let b be w(-16). What is the units digit of b*-214*(-3)/(-72)*-3?
7
Let c(s) = -2*s - 12. Let i be c(-9). What is the tens digit of 1/(-1)*(-43 + i)?
3
Let o(u) = u**2 - 6*u - 12. Let h be o(9). What is the units digit of (6/15)/(3/h)?
2
Let p(v) = 960*v**2 + 4*v + 1. Let j be p(-1). Suppose 11*a = -0*a + j. What is the tens digit of a?
8
Let w = 292 - 162. Suppose -2*j = -4*j + w. What is the tens digit of j?
6
Let i(f) = 10 - 8*f + 1 - 18*f - 5. What is the units digit of i(-3)?
4
Suppose 4*a - 516 = 4*d, -120 = -a - 6*d + 10*d. What is the units digit of a?
2
Let q(w) = w**2 + 2*w + 2. Let r be q(-2). Suppose -10 = o + 5*c, -r*o + 5 = -3*c - 40. What is the units digit of o?
5
Let s = 20 + -12. Let l = 422 - 442. What is the tens digit of s/l - 304/(-10)?
3
Let r = -348 + 414. What is the tens digit of r?
6
Suppose 0 = -24*p + 656 + 14920. What is the hundreds digit of p?
6
Suppose -13*o = -15523 + 5812. What is the units digit of o?
7
Suppose 9*a = -918 - 270. What is the tens digit of 50 + (a/(-77) - (-4)/14)?
5
Suppose 4*r - 2*o + 8 = 2*o, 0 = -5*r + 4*o - 7. Let f = 33 - r. What is the units digit of f?
2
Let l(o) be the second derivative of -5*o**3/6 + 5*o**2/2 + 23*o. What is the tens digit of l(-23)?
2
Let t = -29 + 30. Let u = t + 7. What is the units digit of u?
8
Let k(w) = 7*w + 6. Let x(l) = -l**2 - 7*l - 7. Let m(f) = -4*k(f) - 5*x(f). What is the hundreds digit of m(-6)?
1
Suppose 21 - 1 = -4*f. Let y = f + 8. What is the units digit of y?
3
Let g = -61 - -161. Suppose -g*b - 280 = -104*b. What is the tens digit of b?
7
Let g(s) = 2*s**2 - 4*s - 5. Let t(c) be the second derivative of c**4/12 - 13*c**3/6 - 5*c**2 - 4*c. Let m be t(14). What is the tens digit of g(m)?
1
Let x = 4641 + 1181. What is the hundreds digit of x?
8
Let t = 24 + -19. Suppose 5 = t*r - 275. What is the tens digit of r?
5
Let l(j) be the third derivative of j**4/6 - 11*j**3/6 - 18*j**2. What is the units digit of l(5)?
9
Suppose -18*v + 19*v = 345. What is the hundreds digit of v?
3
Suppose 5*t = -0 + 80. Suppose -9*q + t*q = 784. What is the hundreds digit of q?
1
Let t(g) = 423*g**3 + 2*g**2 - 2*g. Let w be t(1). Suppose -3*b = 5*y - 475, 51 = -4*y - 4*b + w. What is the tens digit of y?
9
Let z(i) = -2*i - 22. Let p(x) = x + 23. Let v(o) = 5*p(o) + 6*z(o). What is the tens digit of v(-6)?
2
Let j(o) be the third derivative of -5*o**4/24 + o**3/6 - 4*o*